{"id":604,"date":"2019-08-13T18:15:37","date_gmt":"2019-08-13T16:15:37","guid":{"rendered":"http:\/\/schmierstoffe-grund.de\/?page_id=604"},"modified":"2019-09-20T15:12:47","modified_gmt":"2019-09-20T13:12:47","slug":"private-label","status":"publish","type":"page","link":"https:\/\/schmierstoffe-grund.de\/?page_id=604","title":{"rendered":"Private Label"},"content":{"rendered":"\t\t<div data-elementor-type=\"wp-post\" data-elementor-id=\"604\" class=\"elementor elementor-604\">\n\t\t\t\t\t\t<div class=\"elementor-inner\">\n\t\t\t\t<div class=\"elementor-section-wrap\">\n\t\t\t\t\t\t\t\t\t<section class=\"elementor-section elementor-top-section elementor-element elementor-element-7205b3a6 elementor-section-boxed elementor-section-height-default elementor-section-height-default\" data-id=\"7205b3a6\" data-element_type=\"section\">\n\t\t\t\t\t\t<div class=\"elementor-container elementor-column-gap-default\">\n\t\t\t\t\t\t\t<div class=\"elementor-row\">\n\t\t\t\t\t<div class=\"elementor-column elementor-col-100 elementor-top-column elementor-element elementor-element-4d16797a\" data-id=\"4d16797a\" data-element_type=\"column\">\n\t\t\t<div class=\"elementor-column-wrap elementor-element-populated\">\n\t\t\t\t\t\t\t<div class=\"elementor-widget-wrap\">\n\t\t\t\t\t\t<div class=\"elementor-element elementor-element-f8b516b elementor-widget elementor-widget-image\" data-id=\"f8b516b\" data-element_type=\"widget\" data-widget_type=\"image.default\">\n\t\t\t\t<div class=\"elementor-widget-container\">\n\t\t\t\t\t\t\t\t<div class=\"elementor-image\">\n\t\t\t\t\t\t\t\t\t\t\t\t<img decoding=\"async\" src=\"https:\/\/schmierstoffe-grund.de\/wp-content\/uploads\/elementor\/thumbs\/196319678-PrivateLabel_new-oc7uhiy70cn0s5ofshrws3ze3z14vgngxchgzfhpr4.jpg\" title=\"196319678-PrivateLabel_new\" alt=\"196319678-PrivateLabel_new\" \/>\t\t\t\t\t\t\t\t\t\t\t\t\t\t<\/div>\n\t\t\t\t\t\t<\/div>\n\t\t\t\t<\/div>\n\t\t\t\t\t\t<\/div>\n\t\t\t\t\t<\/div>\n\t\t<\/div>\n\t\t\t\t\t\t\t\t<\/div>\n\t\t\t\t\t<\/div>\n\t\t<\/section>\n\t\t\t\t<section class=\"elementor-section elementor-top-section elementor-element elementor-element-37903a9 elementor-section-boxed elementor-section-height-default elementor-section-height-default\" data-id=\"37903a9\" data-element_type=\"section\">\n\t\t\t\t\t\t<div class=\"elementor-container elementor-column-gap-default\">\n\t\t\t\t\t\t\t<div class=\"elementor-row\">\n\t\t\t\t\t<div class=\"elementor-column elementor-col-100 elementor-top-column elementor-element elementor-element-ab1e407\" data-id=\"ab1e407\" data-element_type=\"column\">\n\t\t\t<div class=\"elementor-column-wrap elementor-element-populated\">\n\t\t\t\t\t\t\t<div class=\"elementor-widget-wrap\">\n\t\t\t\t\t\t<div class=\"elementor-element elementor-element-36d0015 elementor-widget elementor-widget-text-editor\" data-id=\"36d0015\" data-element_type=\"widget\" data-widget_type=\"text-editor.default\">\n\t\t\t\t<div class=\"elementor-widget-container\">\n\t\t\t\t\t\t\t\t<div class=\"elementor-text-editor elementor-clearfix\">\n\t\t\t\t<h1 style=\"margin: 0px; font-family: Roboto, sans-serif; font-weight: 600; line-height: 1; color: #fbba1e; padding: 0px; text-align: center;\" data-elementor-setting-key=\"title\" data-pen-placeholder=\"Eingabe hier...\">\u00a0<\/h1><h1 style=\"margin: 0px; font-family: Roboto, sans-serif; font-weight: 600; line-height: 1; color: #fbba1e; padding: 0px; text-align: center;\" data-elementor-setting-key=\"title\" data-pen-placeholder=\"Eingabe hier...\">Private Label<\/h1>\t\t\t\t\t<\/div>\n\t\t\t\t\t\t<\/div>\n\t\t\t\t<\/div>\n\t\t\t\t\t\t<\/div>\n\t\t\t\t\t<\/div>\n\t\t<\/div>\n\t\t\t\t\t\t\t\t<\/div>\n\t\t\t\t\t<\/div>\n\t\t<\/section>\n\t\t\t\t<section class=\"elementor-section elementor-top-section elementor-element elementor-element-525a0de1 elementor-section-boxed elementor-section-height-default elementor-section-height-default\" data-id=\"525a0de1\" data-element_type=\"section\">\n\t\t\t\t\t\t<div class=\"elementor-container elementor-column-gap-wide\">\n\t\t\t\t\t\t\t<div class=\"elementor-row\">\n\t\t\t\t\t<div class=\"elementor-column elementor-col-100 elementor-top-column elementor-element elementor-element-33664d21\" data-id=\"33664d21\" data-element_type=\"column\" data-settings=\"{&quot;background_background&quot;:&quot;classic&quot;}\">\n\t\t\t<div class=\"elementor-column-wrap elementor-element-populated\">\n\t\t\t\t\t\t\t<div class=\"elementor-widget-wrap\">\n\t\t\t\t\t\t<div class=\"elementor-element elementor-element-1dc8735c elementor-widget elementor-widget-text-editor\" data-id=\"1dc8735c\" data-element_type=\"widget\" data-widget_type=\"text-editor.default\">\n\t\t\t\t<div class=\"elementor-widget-container\">\n\t\t\t\t\t\t\t\t<div class=\"elementor-text-editor elementor-clearfix\">\n\t\t\t\t<p style=\"text-align: center;\">Private Label bietet Ihnen die M\u00f6glichkeit sich als Unternehmen unabh\u00e4ngig von Markenherstellern mit eigenen Produktlabels einen Namen zu machen.Die Gebinde werden mit Ihren Etiketten -in Ihrem Design-beklebt und k\u00f6nnen somit unter Ihrer Produktbezeichnung in den Vertrieb gehen. Dadurch enthalten die Gebinde keinen Hinweis auf den Abf\u00fcller und k\u00f6nnen von Ihnen als Eigenmarken im Private Label vertrieben werden.<\/p>\t\t\t\t\t<\/div>\n\t\t\t\t\t\t<\/div>\n\t\t\t\t<\/div>\n\t\t\t\t<section class=\"elementor-section elementor-inner-section elementor-element elementor-element-353dc2b0 elementor-section-boxed elementor-section-height-default elementor-section-height-default\" data-id=\"353dc2b0\" data-element_type=\"section\">\n\t\t\t\t\t\t<div class=\"elementor-container elementor-column-gap-default\">\n\t\t\t\t\t\t\t<div class=\"elementor-row\">\n\t\t\t\t\t<div class=\"elementor-column elementor-col-100 elementor-inner-column elementor-element elementor-element-57cbf1b1\" data-id=\"57cbf1b1\" data-element_type=\"column\">\n\t\t\t<div class=\"elementor-column-wrap elementor-element-populated\">\n\t\t\t\t\t\t\t<div class=\"elementor-widget-wrap\">\n\t\t\t\t\t\t<div class=\"elementor-element elementor-element-70647c1 elementor-widget elementor-widget-text-editor\" data-id=\"70647c1\" data-element_type=\"widget\" data-widget_type=\"text-editor.default\">\n\t\t\t\t<div class=\"elementor-widget-container\">\n\t\t\t\t\t\t\t\t<div class=\"elementor-text-editor elementor-clearfix\">\n\t\t\t\t<p style=\"text-align: center;\"><span style=\"text-decoration: underline;\">Ihre Vorteile:<\/span><\/p><p style=\"text-align: center;\"><strong>Individuelles Design<\/strong><\/p><p style=\"text-align: center;\"><strong>Selbstbestimmte\u00a0 Produktgestaltung<\/strong><\/p><p style=\"text-align: center;\"><strong>Kundenbindung<\/strong><\/p><p style=\"text-align: center;\"><strong>Aufbau und Festigung eines eigenen Markenimages<\/strong><\/p><p style=\"text-align: center;\"><strong>Senkung des Preisdrucks gegen\u00fcber Mitbewerber<\/strong><\/p><p style=\"text-align: center;\">Wir sind darauf spezialisiert Produkte in Ihrer Aufmachung abzuf\u00fcllen und bereitzustellen.<\/p><p style=\"text-align: center;\">Schmierstoffe sind lieferbar im 1 Liter-, 5 Liter-, 20 Liter-, 60 Liter-, 208 Liter-, und 1.000 Liter-Gebinde.<\/p><p style=\"text-align: center;\">Schmierfette sind lieferbar in den Gebindegr\u00f6\u00dfen 180 kg, 50 kg, 25 kg, 15 kg, 10 kg, 5 kg, 500 Gramm und 400 Gramm PullOff\/LubeShuttle Kartuschen.<\/p><p style=\"text-align: center;\">Abf\u00fcllung von Gebinde-Sondergr\u00f6\u00dfen auf Anfrage.<\/p>\t\t\t\t\t<\/div>\n\t\t\t\t\t\t<\/div>\n\t\t\t\t<\/div>\n\t\t\t\t\t\t<\/div>\n\t\t\t\t\t<\/div>\n\t\t<\/div>\n\t\t\t\t\t\t\t\t<\/div>\n\t\t\t\t\t<\/div>\n\t\t<\/section>\n\t\t\t\t<div class=\"elementor-element elementor-element-476a2239 elementor-widget elementor-widget-text-editor\" data-id=\"476a2239\" data-element_type=\"widget\" data-widget_type=\"text-editor.default\">\n\t\t\t\t<div class=\"elementor-widget-container\">\n\t\t\t\t\t\t\t\t<div class=\"elementor-text-editor elementor-clearfix\">\n\t\t\t\t\t\t\t\t\t<\/div>\n\t\t\t\t\t\t<\/div>\n\t\t\t\t<\/div>\n\t\t\t\t\t\t<\/div>\n\t\t\t\t\t<\/div>\n\t\t<\/div>\n\t\t\t\t\t\t\t\t<\/div>\n\t\t\t\t\t<\/div>\n\t\t<\/section>\n\t\t\t\t<section class=\"elementor-section elementor-top-section elementor-element elementor-element-1fccfdf0 elementor-reverse-mobile elementor-section-boxed elementor-section-height-default elementor-section-height-default\" data-id=\"1fccfdf0\" data-element_type=\"section\">\n\t\t\t\t\t\t<div class=\"elementor-container elementor-column-gap-wide\">\n\t\t\t\t\t\t\t<div class=\"elementor-row\">\n\t\t\t\t\t<div class=\"elementor-column elementor-col-100 elementor-top-column elementor-element elementor-element-411935ac\" data-id=\"411935ac\" data-element_type=\"column\">\n\t\t\t<div class=\"elementor-column-wrap elementor-element-populated\">\n\t\t\t\t\t\t\t<div class=\"elementor-widget-wrap\">\n\t\t\t\t\t\t<div class=\"elementor-element elementor-element-4c1a3800 elementor-widget elementor-widget-text-editor\" data-id=\"4c1a3800\" data-element_type=\"widget\" data-widget_type=\"text-editor.default\">\n\t\t\t\t<div class=\"elementor-widget-container\">\n\t\t\t\t\t\t\t\t<div class=\"elementor-text-editor elementor-clearfix\">\n\t\t\t\t<h3 style=\"text-align: center;\"><span style=\"font-weight: bolder;\">Gerne beraten wir Sie telefonisch, per Mail oder vor Ort, zum Thema Private Label<\/span><\/h3>\t\t\t\t\t<\/div>\n\t\t\t\t\t\t<\/div>\n\t\t\t\t<\/div>\n\t\t\t\t<div class=\"elementor-element elementor-element-68d8d068 elementor-align-center elementor-widget elementor-widget-button\" data-id=\"68d8d068\" data-element_type=\"widget\" data-widget_type=\"button.default\">\n\t\t\t\t<div class=\"elementor-widget-container\">\n\t\t\t\t\t<div class=\"elementor-button-wrapper\">\n\t\t\t<a href=\"https:\/\/schmierstoffe-grund.de\/?page_id=256\" class=\"elementor-button-link elementor-button elementor-size-lg\" role=\"button\">\n\t\t\t\t\t\t<span class=\"elementor-button-content-wrapper\">\n\t\t\t\t\t\t<span class=\"elementor-button-text\">Kontakt<\/span>\n\t\t<\/span>\n\t\t\t\t\t<\/a>\n\t\t<\/div>\n\t\t\t\t<\/div>\n\t\t\t\t<\/div>\n\t\t\t\t\t\t<\/div>\n\t\t\t\t\t<\/div>\n\t\t<\/div>\n\t\t\t\t\t\t\t\t<\/div>\n\t\t\t\t\t<\/div>\n\t\t<\/section>\n\t\t\t\t\t\t\t\t\t<\/div>\n\t\t\t<\/div>\n\t\t\t\t\t<\/div>\n\t\t","protected":false},"excerpt":{"rendered":"<p>\u00a0 Private Label Private Label bietet Ihnen die M\u00f6glichkeit sich als Unternehmen unabh\u00e4ngig von Markenherstellern mit eigenen Produktlabels einen Namen zu machen.Die Gebinde werden mit Ihren Etiketten -in Ihrem Design-beklebt und k\u00f6nnen somit unter Ihrer Produktbezeichnung in den Vertrieb gehen. Dadurch enthalten die Gebinde keinen Hinweis auf den Abf\u00fcller und k\u00f6nnen von Ihnen als Eigenmarken [&hellip;]<\/p>\n","protected":false},"author":1,"featured_media":0,"parent":0,"menu_order":0,"comment_status":"closed","ping_status":"closed","template":"elementor_header_footer","meta":{"footnotes":""},"class_list":["post-604","page","type-page","status-publish","hentry"],"yoast_head":"<!-- This site is optimized with the Yoast SEO plugin v19.12 - https:\/\/yoast.com\/wordpress\/plugins\/seo\/ -->\n<title>Private Label - GRUND GmbH<\/title>\n<meta name=\"robots\" content=\"index, follow, max-snippet:-1, max-image-preview:large, max-video-preview:-1\" \/>\n<link rel=\"canonical\" href=\"https:\/\/schmierstoffe-grund.de\/?page_id=604\" \/>\n<meta property=\"og:locale\" content=\"de_DE\" \/>\n<meta property=\"og:type\" content=\"article\" \/>\n<meta property=\"og:title\" content=\"Private Label - GRUND GmbH\" \/>\n<meta property=\"og:description\" content=\"\u00a0 Private Label Private Label bietet Ihnen die M\u00f6glichkeit sich als Unternehmen unabh\u00e4ngig von Markenherstellern mit eigenen Produktlabels einen Namen zu machen.Die Gebinde werden mit Ihren Etiketten -in Ihrem Design-beklebt und k\u00f6nnen somit unter Ihrer Produktbezeichnung in den Vertrieb gehen. Dadurch enthalten die Gebinde keinen Hinweis auf den Abf\u00fcller und k\u00f6nnen von Ihnen als Eigenmarken [&hellip;]\" \/>\n<meta property=\"og:url\" content=\"https:\/\/schmierstoffe-grund.de\/?page_id=604\" \/>\n<meta property=\"og:site_name\" content=\"GRUND GmbH\" \/>\n<meta property=\"article:publisher\" content=\"https:\/\/www.facebook.com\/schmierstoffexperten\/\" \/>\n<meta property=\"article:modified_time\" content=\"2019-09-20T13:12:47+00:00\" \/>\n<meta property=\"og:image\" content=\"https:\/\/schmierstoffe-grund.de\/wp-content\/uploads\/elementor\/thumbs\/196319678-PrivateLabel_new-oc7uhiy70cn0s5ofshrws3ze3z14vgngxchgzfhpr4.jpg\" \/>\n<meta name=\"twitter:card\" content=\"summary_large_image\" \/>\n<meta name=\"twitter:label1\" content=\"Gesch\u00e4tzte Lesezeit\" \/>\n\t<meta name=\"twitter:data1\" content=\"1\u00a0Minute\" \/>\n<script type=\"application\/ld+json\" class=\"yoast-schema-graph\">{\"@context\":\"https:\/\/schema.org\",\"@graph\":[{\"@type\":\"WebPage\",\"@id\":\"https:\/\/schmierstoffe-grund.de\/?page_id=604\",\"url\":\"https:\/\/schmierstoffe-grund.de\/?page_id=604\",\"name\":\"Private Label - GRUND GmbH\",\"isPartOf\":{\"@id\":\"https:\/\/schmierstoffe-grund.de\/#website\"},\"datePublished\":\"2019-08-13T16:15:37+00:00\",\"dateModified\":\"2019-09-20T13:12:47+00:00\",\"breadcrumb\":{\"@id\":\"https:\/\/schmierstoffe-grund.de\/?page_id=604#breadcrumb\"},\"inLanguage\":\"de\",\"potentialAction\":[{\"@type\":\"ReadAction\",\"target\":[\"https:\/\/schmierstoffe-grund.de\/?page_id=604\"]}]},{\"@type\":\"BreadcrumbList\",\"@id\":\"https:\/\/schmierstoffe-grund.de\/?page_id=604#breadcrumb\",\"itemListElement\":[{\"@type\":\"ListItem\",\"position\":1,\"name\":\"Startseite\",\"item\":\"https:\/\/schmierstoffe-grund.de\/\"},{\"@type\":\"ListItem\",\"position\":2,\"name\":\"Private Label\"}]},{\"@type\":\"WebSite\",\"@id\":\"https:\/\/schmierstoffe-grund.de\/#website\",\"url\":\"https:\/\/schmierstoffe-grund.de\/\",\"name\":\"GRUND GmbH\",\"description\":\"Bewegung braucht Schmierung\",\"potentialAction\":[{\"@type\":\"SearchAction\",\"target\":{\"@type\":\"EntryPoint\",\"urlTemplate\":\"https:\/\/schmierstoffe-grund.de\/?s={search_term_string}\"},\"query-input\":\"required name=search_term_string\"}],\"inLanguage\":\"de\"}]}<\/script>\n<!-- \/ Yoast SEO plugin. -->","yoast_head_json":{"title":"Private Label - GRUND GmbH","robots":{"index":"index","follow":"follow","max-snippet":"max-snippet:-1","max-image-preview":"max-image-preview:large","max-video-preview":"max-video-preview:-1"},"canonical":"https:\/\/schmierstoffe-grund.de\/?page_id=604","og_locale":"de_DE","og_type":"article","og_title":"Private Label - GRUND GmbH","og_description":"\u00a0 Private Label Private Label bietet Ihnen die M\u00f6glichkeit sich als Unternehmen unabh\u00e4ngig von Markenherstellern mit eigenen Produktlabels einen Namen zu machen.Die Gebinde werden mit Ihren Etiketten -in Ihrem Design-beklebt und k\u00f6nnen somit unter Ihrer Produktbezeichnung in den Vertrieb gehen. Dadurch enthalten die Gebinde keinen Hinweis auf den Abf\u00fcller und k\u00f6nnen von Ihnen als Eigenmarken [&hellip;]","og_url":"https:\/\/schmierstoffe-grund.de\/?page_id=604","og_site_name":"GRUND GmbH","article_publisher":"https:\/\/www.facebook.com\/schmierstoffexperten\/","article_modified_time":"2019-09-20T13:12:47+00:00","og_image":[{"url":"https:\/\/schmierstoffe-grund.de\/wp-content\/uploads\/elementor\/thumbs\/196319678-PrivateLabel_new-oc7uhiy70cn0s5ofshrws3ze3z14vgngxchgzfhpr4.jpg"}],"twitter_card":"summary_large_image","twitter_misc":{"Gesch\u00e4tzte Lesezeit":"1\u00a0Minute"},"schema":{"@context":"https:\/\/schema.org","@graph":[{"@type":"WebPage","@id":"https:\/\/schmierstoffe-grund.de\/?page_id=604","url":"https:\/\/schmierstoffe-grund.de\/?page_id=604","name":"Private Label - GRUND GmbH","isPartOf":{"@id":"https:\/\/schmierstoffe-grund.de\/#website"},"datePublished":"2019-08-13T16:15:37+00:00","dateModified":"2019-09-20T13:12:47+00:00","breadcrumb":{"@id":"https:\/\/schmierstoffe-grund.de\/?page_id=604#breadcrumb"},"inLanguage":"de","potentialAction":[{"@type":"ReadAction","target":["https:\/\/schmierstoffe-grund.de\/?page_id=604"]}]},{"@type":"BreadcrumbList","@id":"https:\/\/schmierstoffe-grund.de\/?page_id=604#breadcrumb","itemListElement":[{"@type":"ListItem","position":1,"name":"Startseite","item":"https:\/\/schmierstoffe-grund.de\/"},{"@type":"ListItem","position":2,"name":"Private Label"}]},{"@type":"WebSite","@id":"https:\/\/schmierstoffe-grund.de\/#website","url":"https:\/\/schmierstoffe-grund.de\/","name":"GRUND GmbH","description":"Bewegung braucht Schmierung","potentialAction":[{"@type":"SearchAction","target":{"@type":"EntryPoint","urlTemplate":"https:\/\/schmierstoffe-grund.de\/?s={search_term_string}"},"query-input":"required name=search_term_string"}],"inLanguage":"de"}]}},"_links":{"self":[{"href":"https:\/\/schmierstoffe-grund.de\/index.php?rest_route=\/wp\/v2\/pages\/604","targetHints":{"allow":["GET"]}}],"collection":[{"href":"https:\/\/schmierstoffe-grund.de\/index.php?rest_route=\/wp\/v2\/pages"}],"about":[{"href":"https:\/\/schmierstoffe-grund.de\/index.php?rest_route=\/wp\/v2\/types\/page"}],"author":[{"embeddable":true,"href":"https:\/\/schmierstoffe-grund.de\/index.php?rest_route=\/wp\/v2\/users\/1"}],"replies":[{"embeddable":true,"href":"https:\/\/schmierstoffe-grund.de\/index.php?rest_route=%2Fwp%2Fv2%2Fcomments&post=604"}],"version-history":[{"count":5,"href":"https:\/\/schmierstoffe-grund.de\/index.php?rest_route=\/wp\/v2\/pages\/604\/revisions"}],"predecessor-version":[{"id":768,"href":"https:\/\/schmierstoffe-grund.de\/index.php?rest_route=\/wp\/v2\/pages\/604\/revisions\/768"}],"wp:attachment":[{"href":"https:\/\/schmierstoffe-grund.de\/index.php?rest_route=%2Fwp%2Fv2%2Fmedia&parent=604"}],"curies":[{"name":"wp","href":"https:\/\/api.w.org\/{rel}","templated":true}]}}