{"id":503,"date":"2019-07-29T14:08:57","date_gmt":"2019-07-29T12:08:57","guid":{"rendered":"http:\/\/schmierstoffe-grund.de\/?page_id=503"},"modified":"2019-09-24T10:23:35","modified_gmt":"2019-09-24T08:23:35","slug":"ueber-uns","status":"publish","type":"page","link":"https:\/\/schmierstoffe-grund.de\/?page_id=503","title":{"rendered":"\u00dcber uns"},"content":{"rendered":"\t\t<div data-elementor-type=\"wp-post\" data-elementor-id=\"503\" class=\"elementor elementor-503\">\n\t\t\t\t\t\t<div class=\"elementor-inner\">\n\t\t\t\t<div class=\"elementor-section-wrap\">\n\t\t\t\t\t\t\t\t\t<section class=\"elementor-section elementor-top-section elementor-element elementor-element-3e1bc0f6 elementor-section-full_width elementor-section-content-middle elementor-reverse-mobile elementor-section-height-min-height elementor-section-items-stretch elementor-section-height-default\" data-id=\"3e1bc0f6\" data-element_type=\"section\" data-settings=\"{&quot;background_background&quot;:&quot;classic&quot;}\">\n\t\t\t\t\t\t<div class=\"elementor-container elementor-column-gap-no\">\n\t\t\t\t\t\t\t<div class=\"elementor-row\">\n\t\t\t\t\t<div class=\"elementor-column elementor-col-50 elementor-top-column elementor-element elementor-element-5826f2c7\" data-id=\"5826f2c7\" data-element_type=\"column\" data-settings=\"{&quot;background_background&quot;:&quot;classic&quot;}\">\n\t\t\t<div class=\"elementor-column-wrap elementor-element-populated\">\n\t\t\t\t\t\t\t<div class=\"elementor-widget-wrap\">\n\t\t\t\t\t\t<div class=\"elementor-element elementor-element-399e52ad elementor-widget elementor-widget-heading\" data-id=\"399e52ad\" data-element_type=\"widget\" data-widget_type=\"heading.default\">\n\t\t\t\t<div class=\"elementor-widget-container\">\n\t\t\t<h1 class=\"elementor-heading-title elementor-size-large\">\u00dcber uns<\/h1>\t\t<\/div>\n\t\t\t\t<\/div>\n\t\t\t\t<div class=\"elementor-element elementor-element-59b07b40 elementor-widget elementor-widget-text-editor\" data-id=\"59b07b40\" data-element_type=\"widget\" data-widget_type=\"text-editor.default\">\n\t\t\t\t<div class=\"elementor-widget-container\">\n\t\t\t\t\t\t\t\t<div class=\"elementor-text-editor elementor-clearfix\">\n\t\t\t\t<p>Bewegung braucht Schmierung!<br \/>Seit \u00fcber 40 Jahren besch\u00e4ftigen wir uns mit dem Verkauf von Auto- und Industrieschmierstoffen, lebensmittelvertr\u00e4glichen Schmierstoffen, wassermischbaren und nichtwassermischbaren K\u00fchlschmierstoffen, Korrosionsschutzmitteln, chemischen Produkten, sowie Serviceger\u00e4ten f\u00fcr Industrie und Werkstatt.<\/p><p>Unsere Gesch\u00e4ftspartner sind namhafte und international f\u00fchrende Unternehmen unter anderem aus der Mineral\u00f6lbranche. Die ausgezeichnete Qualit\u00e4t unserer Produkte, unsere fachliche Kompetenz, sowie unsere geschulten und l\u00f6sungsorientierten Mitarbeiter\/Innen im Innen- und Aussendienst haben uns zu einem bekannten und leistungsstarken Betrieb werden lassen.<\/p><p>Unsere Flexibilit\u00e4t im Servicebereich gew\u00e4hrleisten wir dar\u00fcber hinaus mit einem eigenen Fuhrpark und einem umfassenden Lagerbestand.<\/p><p>Nun m\u00f6chten wir auch Sie von unseren Leistungen \u00fcberzeugen\u2026<\/p><h1><strong>Ihre Grund GmbH<\/strong><\/h1>\t\t\t\t\t<\/div>\n\t\t\t\t\t\t<\/div>\n\t\t\t\t<\/div>\n\t\t\t\t\t\t<\/div>\n\t\t\t\t\t<\/div>\n\t\t<\/div>\n\t\t\t\t<div class=\"elementor-column elementor-col-50 elementor-top-column elementor-element elementor-element-21ca7848\" data-id=\"21ca7848\" data-element_type=\"column\" data-settings=\"{&quot;background_background&quot;:&quot;classic&quot;}\">\n\t\t\t<div class=\"elementor-column-wrap elementor-element-populated\">\n\t\t\t\t\t\t\t<div class=\"elementor-widget-wrap\">\n\t\t\t\t\t\t<div class=\"elementor-element elementor-element-62790350 elementor-widget elementor-widget-spacer\" data-id=\"62790350\" data-element_type=\"widget\" data-widget_type=\"spacer.default\">\n\t\t\t\t<div class=\"elementor-widget-container\">\n\t\t\t\t\t<div class=\"elementor-spacer\">\n\t\t\t<div class=\"elementor-spacer-inner\"><\/div>\n\t\t<\/div>\n\t\t\t\t<\/div>\n\t\t\t\t<\/div>\n\t\t\t\t\t\t<\/div>\n\t\t\t\t\t<\/div>\n\t\t<\/div>\n\t\t\t\t\t\t\t\t<\/div>\n\t\t\t\t\t<\/div>\n\t\t<\/section>\n\t\t\t\t\t\t\t\t\t<\/div>\n\t\t\t<\/div>\n\t\t\t\t\t<\/div>\n\t\t","protected":false},"excerpt":{"rendered":"<p>\u00dcber uns Bewegung braucht Schmierung!Seit \u00fcber 40 Jahren besch\u00e4ftigen wir uns mit dem Verkauf von Auto- und Industrieschmierstoffen, lebensmittelvertr\u00e4glichen Schmierstoffen, wassermischbaren und nichtwassermischbaren K\u00fchlschmierstoffen, Korrosionsschutzmitteln, chemischen Produkten, sowie Serviceger\u00e4ten f\u00fcr Industrie und Werkstatt. Unsere Gesch\u00e4ftspartner sind namhafte und international f\u00fchrende Unternehmen unter anderem aus der Mineral\u00f6lbranche. Die ausgezeichnete Qualit\u00e4t unserer Produkte, unsere fachliche Kompetenz, sowie [&hellip;]<\/p>\n","protected":false},"author":1,"featured_media":0,"parent":0,"menu_order":0,"comment_status":"closed","ping_status":"closed","template":"elementor_header_footer","meta":{"footnotes":""},"class_list":["post-503","page","type-page","status-publish","hentry"],"yoast_head":"<!-- This site is optimized with the Yoast SEO plugin v19.12 - https:\/\/yoast.com\/wordpress\/plugins\/seo\/ -->\n<title>\u00dcber uns - GRUND GmbH<\/title>\n<meta name=\"robots\" content=\"index, follow, max-snippet:-1, max-image-preview:large, max-video-preview:-1\" \/>\n<link rel=\"canonical\" href=\"https:\/\/schmierstoffe-grund.de\/?page_id=503\" \/>\n<meta property=\"og:locale\" content=\"de_DE\" \/>\n<meta property=\"og:type\" content=\"article\" \/>\n<meta property=\"og:title\" content=\"\u00dcber uns - GRUND GmbH\" \/>\n<meta property=\"og:description\" content=\"\u00dcber uns Bewegung braucht Schmierung!Seit \u00fcber 40 Jahren besch\u00e4ftigen wir uns mit dem Verkauf von Auto- und Industrieschmierstoffen, lebensmittelvertr\u00e4glichen Schmierstoffen, wassermischbaren und nichtwassermischbaren K\u00fchlschmierstoffen, Korrosionsschutzmitteln, chemischen Produkten, sowie Serviceger\u00e4ten f\u00fcr Industrie und Werkstatt. Unsere Gesch\u00e4ftspartner sind namhafte und international f\u00fchrende Unternehmen unter anderem aus der Mineral\u00f6lbranche. Die ausgezeichnete Qualit\u00e4t unserer Produkte, unsere fachliche Kompetenz, sowie [&hellip;]\" \/>\n<meta property=\"og:url\" content=\"https:\/\/schmierstoffe-grund.de\/?page_id=503\" \/>\n<meta property=\"og:site_name\" content=\"GRUND GmbH\" \/>\n<meta property=\"article:publisher\" content=\"https:\/\/www.facebook.com\/schmierstoffexperten\/\" \/>\n<meta property=\"article:modified_time\" content=\"2019-09-24T08:23:35+00:00\" \/>\n<meta name=\"twitter:card\" content=\"summary_large_image\" \/>\n<meta name=\"twitter:label1\" content=\"Gesch\u00e4tzte Lesezeit\" \/>\n\t<meta name=\"twitter:data1\" content=\"1\u00a0Minute\" \/>\n<script type=\"application\/ld+json\" class=\"yoast-schema-graph\">{\"@context\":\"https:\/\/schema.org\",\"@graph\":[{\"@type\":\"WebPage\",\"@id\":\"https:\/\/schmierstoffe-grund.de\/?page_id=503\",\"url\":\"https:\/\/schmierstoffe-grund.de\/?page_id=503\",\"name\":\"\u00dcber uns - GRUND GmbH\",\"isPartOf\":{\"@id\":\"https:\/\/schmierstoffe-grund.de\/#website\"},\"datePublished\":\"2019-07-29T12:08:57+00:00\",\"dateModified\":\"2019-09-24T08:23:35+00:00\",\"breadcrumb\":{\"@id\":\"https:\/\/schmierstoffe-grund.de\/?page_id=503#breadcrumb\"},\"inLanguage\":\"de\",\"potentialAction\":[{\"@type\":\"ReadAction\",\"target\":[\"https:\/\/schmierstoffe-grund.de\/?page_id=503\"]}]},{\"@type\":\"BreadcrumbList\",\"@id\":\"https:\/\/schmierstoffe-grund.de\/?page_id=503#breadcrumb\",\"itemListElement\":[{\"@type\":\"ListItem\",\"position\":1,\"name\":\"Startseite\",\"item\":\"https:\/\/schmierstoffe-grund.de\/\"},{\"@type\":\"ListItem\",\"position\":2,\"name\":\"\u00dcber uns\"}]},{\"@type\":\"WebSite\",\"@id\":\"https:\/\/schmierstoffe-grund.de\/#website\",\"url\":\"https:\/\/schmierstoffe-grund.de\/\",\"name\":\"GRUND GmbH\",\"description\":\"Bewegung braucht Schmierung\",\"potentialAction\":[{\"@type\":\"SearchAction\",\"target\":{\"@type\":\"EntryPoint\",\"urlTemplate\":\"https:\/\/schmierstoffe-grund.de\/?s={search_term_string}\"},\"query-input\":\"required name=search_term_string\"}],\"inLanguage\":\"de\"}]}<\/script>\n<!-- \/ Yoast SEO plugin. -->","yoast_head_json":{"title":"\u00dcber uns - GRUND GmbH","robots":{"index":"index","follow":"follow","max-snippet":"max-snippet:-1","max-image-preview":"max-image-preview:large","max-video-preview":"max-video-preview:-1"},"canonical":"https:\/\/schmierstoffe-grund.de\/?page_id=503","og_locale":"de_DE","og_type":"article","og_title":"\u00dcber uns - GRUND GmbH","og_description":"\u00dcber uns Bewegung braucht Schmierung!Seit \u00fcber 40 Jahren besch\u00e4ftigen wir uns mit dem Verkauf von Auto- und Industrieschmierstoffen, lebensmittelvertr\u00e4glichen Schmierstoffen, wassermischbaren und nichtwassermischbaren K\u00fchlschmierstoffen, Korrosionsschutzmitteln, chemischen Produkten, sowie Serviceger\u00e4ten f\u00fcr Industrie und Werkstatt. Unsere Gesch\u00e4ftspartner sind namhafte und international f\u00fchrende Unternehmen unter anderem aus der Mineral\u00f6lbranche. Die ausgezeichnete Qualit\u00e4t unserer Produkte, unsere fachliche Kompetenz, sowie [&hellip;]","og_url":"https:\/\/schmierstoffe-grund.de\/?page_id=503","og_site_name":"GRUND GmbH","article_publisher":"https:\/\/www.facebook.com\/schmierstoffexperten\/","article_modified_time":"2019-09-24T08:23:35+00:00","twitter_card":"summary_large_image","twitter_misc":{"Gesch\u00e4tzte Lesezeit":"1\u00a0Minute"},"schema":{"@context":"https:\/\/schema.org","@graph":[{"@type":"WebPage","@id":"https:\/\/schmierstoffe-grund.de\/?page_id=503","url":"https:\/\/schmierstoffe-grund.de\/?page_id=503","name":"\u00dcber uns - GRUND GmbH","isPartOf":{"@id":"https:\/\/schmierstoffe-grund.de\/#website"},"datePublished":"2019-07-29T12:08:57+00:00","dateModified":"2019-09-24T08:23:35+00:00","breadcrumb":{"@id":"https:\/\/schmierstoffe-grund.de\/?page_id=503#breadcrumb"},"inLanguage":"de","potentialAction":[{"@type":"ReadAction","target":["https:\/\/schmierstoffe-grund.de\/?page_id=503"]}]},{"@type":"BreadcrumbList","@id":"https:\/\/schmierstoffe-grund.de\/?page_id=503#breadcrumb","itemListElement":[{"@type":"ListItem","position":1,"name":"Startseite","item":"https:\/\/schmierstoffe-grund.de\/"},{"@type":"ListItem","position":2,"name":"\u00dcber uns"}]},{"@type":"WebSite","@id":"https:\/\/schmierstoffe-grund.de\/#website","url":"https:\/\/schmierstoffe-grund.de\/","name":"GRUND GmbH","description":"Bewegung braucht Schmierung","potentialAction":[{"@type":"SearchAction","target":{"@type":"EntryPoint","urlTemplate":"https:\/\/schmierstoffe-grund.de\/?s={search_term_string}"},"query-input":"required name=search_term_string"}],"inLanguage":"de"}]}},"_links":{"self":[{"href":"https:\/\/schmierstoffe-grund.de\/index.php?rest_route=\/wp\/v2\/pages\/503","targetHints":{"allow":["GET"]}}],"collection":[{"href":"https:\/\/schmierstoffe-grund.de\/index.php?rest_route=\/wp\/v2\/pages"}],"about":[{"href":"https:\/\/schmierstoffe-grund.de\/index.php?rest_route=\/wp\/v2\/types\/page"}],"author":[{"embeddable":true,"href":"https:\/\/schmierstoffe-grund.de\/index.php?rest_route=\/wp\/v2\/users\/1"}],"replies":[{"embeddable":true,"href":"https:\/\/schmierstoffe-grund.de\/index.php?rest_route=%2Fwp%2Fv2%2Fcomments&post=503"}],"version-history":[{"count":5,"href":"https:\/\/schmierstoffe-grund.de\/index.php?rest_route=\/wp\/v2\/pages\/503\/revisions"}],"predecessor-version":[{"id":1198,"href":"https:\/\/schmierstoffe-grund.de\/index.php?rest_route=\/wp\/v2\/pages\/503\/revisions\/1198"}],"wp:attachment":[{"href":"https:\/\/schmierstoffe-grund.de\/index.php?rest_route=%2Fwp%2Fv2%2Fmedia&parent=503"}],"curies":[{"name":"wp","href":"https:\/\/api.w.org\/{rel}","templated":true}]}}